be k(7). Let g(i) = -7*i**2 - 3*i + 3. What is g(z)?
-31
Suppose 0 = -0*a + 2*a. Let x(g) = -27*g - 5 + 14*g + 1 + 14*g - 3. Give x(a).
-7
Let w(v) = 4*v**2 - 11*v**2 + 11*v - 23 + 6*v**2. Let k be w(6). Let n(m) = m**3 + 7*m**2 + 0*m**3 - 2*m**3 - 2*m. Calculate n(k).
-14
Let x(w) = 3*w**2 + w. Let h(c) = -c**3 + 16*c**2 + c - 16. Let b be h(16). Suppose -4*s + 3 + 1 = b. Calculate x(s).
4
Let o(w) = 17 - 29*w - 26*w + 56*w - 6. Give o(-5).
6
Let i(c) = 3*c**2 + 13*c - 14. Suppose 3*w + 6 = w. Let s(b) = 2*b**2 + 6*b - 7. Let u(n) = w*i(n) + 5*s(n). Calculate u(9).
7
Let d(f) be the first derivative of f**6/360 - f**4/8 - 8*f**3/3 + 10. Let o(t) be the third derivative of d(t). Determine o(0).
-3
Let v(r) = 18*r + 1. Let x(h) = -9*h + 36. Let k(u) = 1. Let m(f) = 18*k(f) - x(f). Let n(s) = 5*s - 9. Let l(q) = 4*m(q) - 7*n(q). Let c be l(8). What is v(c)?
-17
Let m = 4 + 16. Suppose -17*c - m = -22*c. Let z(v) = v**3 - 4*v**2 - 2*v + 4. What is z(c)?
-4
Let k(p) be the third derivative of 1/6*p**4 + 0 + 1/6*p**3 + 5*p + p**2. Let l = 1 + 0. What is k(l)?
5
Let c(u) = 6*u**3 + 749*u - 5*u**3 - 1 - 4*u**2 - 748*u. What is c(3)?
-7
Suppose 21*v - 4*u - 24 = 17*v, 0 = 3*v - 2*u - 22. Let b(n) = -n**2 + 10*n + 10. Determine b(v).
10
Let x = -295 - -177. Let i = -116 - x. Let g(q) = -q**2 - 2*q + 2. What is g(i)?
-6
Let k(v) = v**3 - 4*v**2 + 3*v + 1. Suppose -16*c - 17 = -97. Give k(c).
41
Let m(u) = -u**2 - u - 6. Let t(h) = h**2 - h + 6. Let v(n) = 7*m(n) + 6*t(n). What is v(-12)?
6
Suppose 4*h + 0*h - 4 = 0, -5*h = 2*c - 1. Let u(g) = -6*g - 7. What is u(c)?
5
Let h(k) be the third derivative of k**7/840 + k**6/72 + k**5/60 + 5*k**4/24 - 4*k**3/3 + 10*k**2. Let v(z) be the first derivative of h(z). Give v(-5).
-5
Let r(z) be the first derivative of -2*z**2 + 37. Determine r(-4).
16
Let a = 7 - 2. Let w(k) = -k**3 - 6*k**2 - 4*k + 5. Let i be w(-5). Let g(p) = -5 - 2*p**2 + 11 + 4*p + i*p**2 + 2*p. Calculate g(a).
-14
Suppose z = -p + 5, -4*p - 2*z = -5*z - 27. Let g(x) be the first derivative of 5/2*x**2 - 3 - 1/4*x**4 + 5/3*x**3 + 7*x. Determine g(p).
1
Let a(c) = -3*c - 2. Let y(f) = 4 + 17*f + 9 + 8*f + 3. Let s(g) = 51*a(g) + 6*y(g). Give s(-4).
6
Let w(f) = -27*f + 14. Let v(m) = 282*m - 141. Let z(r) = 2*v(r) + 21*w(r). What is z(10)?
-18
Let r(d) = -d. Let i(p) = p**2 + p - 1. Let j be (-4)/8*-1*2*-1. Let k(x) = j*r(x) - 2*i(x). Give k(-2).
-4
Let w(u) be the third derivative of -u**5/60 - 11*u**4/24 - 5*u**3/6 + u**2 + 128*u. What is w(-11)?
-5
Suppose 42*t = -53 - 325. Let p(j) = 2*j. Determine p(t).
-18
Let g = 3 + -1. Let n(u) be the first derivative of -u**4/2 + u**3/3 - u**2 - 9. Give n(g).
-16
Let q(t) = -t**2 - t - 2. Suppose 0 = -n + 2*l - 11, -3*l - 11 = n - 25. Let f be (0 + 1)/(n/8). Let m = f + 6. What is q(m)?
-4
Let g(t) = -54*t + 15. Let j(y) = 34*y - 10. Let m(r) = -5*g(r) - 8*j(r). What is m(-6)?
17
Let p(n) = -n**2 - 8*n + 2. Let m be p(-8). Let d(o) = -4 - o**2 + o**m + 8*o + o**2 - 4*o. Give d(-5).
1
Let f(m) = -5*m**2 + 14*m - 13. Let c(v) = -v**2 + 3*v - 3. Let i(u) = -9*c(u) + 2*f(u). Suppose 0*p + 10 = -5*p. Determine i(p).
-5
Let f(t) = -t + 3. Let p(n) = 25*n - 3 - 26*n + 5. Suppose -2*y + v + 16 = 6*v, -y - 5*v + 13 = 0. Let g(s) = y*f(s) - 4*p(s). Calculate g(-8).
-7
Let n(h) be the first derivative of h**5/20 - h**4/2 + h**3/3 - 4*h**2 - 23*h + 5. Let g(y) be the first derivative of n(y). What is g(6)?
4
Suppose 12 + 2 = 2*g. Let n(x) = -6 - 7*x**2 - 6*x**3 + 18*x**3 - 3*x**3 + x - 8*x**3. What is n(g)?
1
Suppose -158 = -106*b - 52*b. Let p(n) = 7*n**2 + n + 4. Let a(s) = 20*s**2 + 2*s + 11. Let w(g) = -3*a(g) + 8*p(g). What is w(b)?
-3
Let a(u) = -2*u**3 + 2*u**2 - u. Let z = 6 + -4. Suppose 0 = -5*k + 20, 3*k + z - 5 = -p. Let r = 11 + p. Calculate a(r).
-10
Suppose -5*j - 4 = -3*m - 24, m - 3*j = -12. Let q(i) = -i**2 - 4. Calculate q(m).
-4
Let r(t) = t**3 - 8*t**2 - 9*t - 3. Let f be 12/(-33) + 927/99. Give r(f).
-3
Suppose 0 = 215*w - 217*w - 10. Let d(x) = -5*x - 1. Determine d(w).
24
Let p(s) = s**2 - 2*s + 4. Let t be (0 - -8)/(-8)*0. Calculate p(t).
4
Let v(m) = -m - 1. Let a(j) = -j - 4. Let k(c) = a(c) - 3*v(c). Let q be 4/30*(-10 - 0)*-3. Give k(q).
7
Let n(r) = -3*r**3 + 20*r**2 + 17*r + 2. Let z(g) = 2*g**3 - 13*g**2 - 11*g - 1. Let s(a) = 5*n(a) + 8*z(a). Calculate s(5).
12
Let m be (-60)/(-45) - 26/(-12). Let g(h) be the second derivative of m*h**2 + 0 - 2*h + 1/6*h**3. Calculate g(0).
7
Let j(y) = 5*y**2 - 4*y**2 - 2*y**2 + 0*y + 2*y + 5. Let i be 10/3 - (-6)/9. Give j(i).
-3
Let u(n) = n**3 + 7*n**2 + 7*n + 5. Let z = 0 + 6. Let h be ((-3)/z)/((-2)/(-4)). Let s be -12*(12/8 + h). Calculate u(s).
-1
Let k(b) be the second derivative of b**4/12 - b**3/3 - b**2 - 145*b. Determine k(3).
1
Let k(g) be the third derivative of 1/360*g**6 + 0*g + 0 - 1/15*g**5 + 0*g**3 + 1/12*g**4 - 8*g**2. Let i(q) be the second derivative of k(q). What is i(7)?
6
Let n(v) = v**3 - 7*v**2 + 5*v - 100. Let h be n(8). Let q(f) = -6*f + 10. What is q(h)?
-14
Let p(x) = 7*x**3 - x**2 - 5*x + 3. Let m(k) = 6*k**3 - k**2 - 5*k + 3. Let y(u) = -6*m(u) + 5*p(u). Determine y(3).
-6
Suppose 0*c - 2*p = -c + 3, 0 = 2*p + 8. Let j(i) be the first derivative of i**4/4 + 4*i**3/3 - 3*i**2 - 5*i - 242. Determine j(c).
0
Let p(b) be the third derivative of b**6/60 + 3*b**5/20 - b**4/8 - b**3/2 + 260*b**2. Calculate p(-5).
-13
Let l(d) be the first derivative of d**4/4 + 10*d**3/3 + 19*d**2/2 + 6*d + 217. What is l(-8)?
-18
Let u(b) = -b - 3*b + 1 - 2*b**2 + 2*b. Let k = 9182 - 9185. Determine u(k).
-11
Let i(x) be the first derivative of 2*x**2 - 3*x + 13. Calculate i(2).
5
Suppose -7 - 9 = 4*r. Let z(a) = -14 + 9 + a**2 + 3*a + 7. Determine z(r).
6
Let r(b) = -b. Let w be ((-24)/(-20) + 0)*15. Let z be (16/(-20))/(-1 - w/(-15)). Calculate r(z).
4
Let f be 4/(-30) + 1221/45. Let o(t) = t**2 - 20*t + 39. Let y be o(16). Let a = f + y. Let z(h) = 4*h**2 - 2*h. Give z(a).
12
Let l(t) = t - 6. Let a(r) = -5*r + 43. Let n(x) = a(x) + 6*l(x). What is n(-4)?
3
Let d(l) be the second derivative of l**4/6 - 11*l**3/6 - 3*l**2 - 2*l + 169. Give d(6).
0
Let s(n) = n**2 + 10*n + 5. Let r = -207 - -197. Calculate s(r).
5
Let b(w) = 5 + 6*w - 5 - 4 - 9*w. What is b(-8)?
20
Let w(t) = t. Suppose 4*c = 17 - 5. Suppose 9 = c*r - 0. Give w(r).
3
Let x(m) = -66*m + 4 + 133*m - 66*m - 1 + 2. Let d be (-2)/7 - 38/14. What is x(d)?
2
Let t(d) = -d**2 - 9*d - 2. Let l be (-78)/8 + (-52)/16 + 4. Give t(l).
-2
Let h(s) = 3*s**2 + 16*s - 2. Let a(g) = 13*g**2 + 68*g - 8. Let t(u) = 2*a(u) - 9*h(u). What is t(-6)?
14
Let l(y) = -5*y**3 - 12*y**2 - 2*y - 3. Let v(w) = 4*w**3 + 11*w**2 + 4*w + 4. Let s(u) = 3*l(u) + 4*v(u). What is s(-6)?
19
Suppose 0 = a + 2 + 2. Let i(q) = -4*q - 14. Determine i(a).
2
Let u = 10 + -17. Let x be (-6)/2 - (u - -4). Let z(r) = x*r + 4 + r**3 - 2*r + 5*r - 4*r. Determine z(0).
4
Let k be 1562/88 + (-2)/(-8). Let a(l) = l**2 - 9 + 18 - k. Determine a(0).
-9
Let g(y) = 36*y**2 - 6*y - 11. Let v(w) be the second derivative of 0 + 7*w + w**2 - 7/12*w**4 + 1/6*w**3. Let c(j) = 2*g(j) + 11*v(j). What is c(1)?
-6
Let u(v) be the second derivative of -1/120*v**6 - v**3 + 1/8*v**4 - 9/2*v**2 + 0 + 1/15*v**5 - 3*v. Let f(o) be the first derivative of u(o). What is f(4)?
6
Suppose 4 = 3*l - 2. Let s(b) be the second derivative of 2*b**3 - b**3 + 4*b - 4*b**3 + 2*b**3. Give s(l).
-12
Let m(f) = -7*f**2 - 2*f + 25*f**2 + 1 - 28*f**2 - 7*f**2. Let n be (10/(-25))/(2/(-5)). Determine m(n).
-18
Let q(s) = -6*s**2. Let i(w) = -29*w**2 + 7*w + 8. Let f(l) = i(l) - 5*q(l). What is f(-8)?
16
Suppose 6*m - 72 = -12. Let q(j) = 13*j - 6. Let t be q(6). Let n(g) = -m*g**2 + 72*g - t*g + 1. Determine n(-1).
-9
Let o(v) = v**2 + 4*v - 8. Let n(y) = 2*y - 1. Let u(t) = 4*n(t) - o(t). What is u(6)?
-8
Let i(t) = -t + 5. Let k(q) = -3*q + 4*q + 29 - 37. Let w be k(17). What is i(w)?
-4
Suppose 54 = 22*h - 34. Let i(u) = -2*u + 6 + h - 4 + 3. Determine i(6).
-3
Let o(z) be the third derivative of -z**5/60 - z**4/24 + 16*z**3/3 - 67*z**2. Give o(0).
32
Let g(v) = -9*v + 1. Let d(n) = -n**3 - 9*n**2 - 13*n + 8. Let r be d(-7). Give g(r).
-8
Let u(x) = -x + 4. Let w(a) = -1. Let z(v) = -u(v) - 5*w(v). Let o = 1 - 0. Calculate z(o).
2
Let p(i) = -4*i**2 